- 652/(-60). Let f be j(s). List the prime factors of f*116/5 + 2/5.
2, 3, 31
Let m = 30 - 30. Suppose 10*z - 12*z - 42 = m. Let y(n) = -n**2 - 20*n + 29. What are the prime factors of y(z)?
2
Let l be ((-9)/6)/((-1)/(-2))*-1. Suppose -l*w + 41 = -106. Let x = w - 26. What are the prime factors of x?
23
Suppose -3*k = -0*y + 2*y + 18, 3*y - 33 = 3*k. Let s(o) = -o**3 - 9*o**2 - 7*o + 11. Let n be s(k). Suppose 0 = n*j - 88 + 19. List the prime factors of j.
23
Let y(x) = -29*x + 2233. List the prime factors of y(10).
29, 67
Let i be -258 + (2 - (9 + -5))/2. List the prime factors of (-1 + i)/(3*(-4)/24).
2, 5, 13
Let p(s) = 43*s**2 + 74*s - 1. What are the prime factors of p(-4)?
17, 23
Let q be 20/(-15)*(-102)/(-8)*-6. Suppose -4*p = -21 + 1. Suppose p*r - q = -2*k + 12, 8 = 2*r. What are the prime factors of k?
47
Let a = -23 + 28. Let z(j) be the third derivative of j**5/30 + j**4/24 + j**3/6 + 11*j**2 + 3*j. List the prime factors of z(a).
2, 7
Let g(m) = -18*m + 2. Suppose 2*a + 9*a = -55. Let k be g(a). Let i = -15 + k. What are the prime factors of i?
7, 11
Suppose 0 = 7*t - 280 - 161. Let h = 3 + -3. Let v = h + t. What are the prime factors of v?
3, 7
Suppose -4*v + 2*n = 144, 3*n = 5*v - 0*n + 181. Let k(b) = -b**3 + 11*b**2 + 45*b - 43. Let d be k(14). List the prime factors of v - -31 - 126/(2/d).
59
Let o(v) = 3*v**3 + 7*v**2 - 6*v - 4. Let r be o(9). List the prime factors of r/7 - 1/7.
5, 7, 11
Let o(b) be the second derivative of b**5/10 + b**4 - 17*b**3/6 - 3*b**2 + 67*b - 2. List the prime factors of o(-6).
2, 3
Suppose -70 = -14*b - 0*b. Suppose -3*n - 1927 = -3*c - 5*n, -3210 = -5*c - b*n. List the prime factors of c.
643
Let z be 48/5 + 2/10*2. Suppose -z = -0*i - 2*i, 2*a - 2*i = 674. What are the prime factors of a?
2, 3, 19
Suppose 5*i = -5*v + 39180, 4*v - 30803 = -2*i + 537. List the prime factors of v.
2, 3917
Let y(q) = -q**3 - 6*q**2 + 6*q - 9. Let b be y(-7). Let l be (6/(1 - -2))/b. What are the prime factors of ((-24)/16)/(l/38)?
3, 19
Let w be -3*-34*2/12. Suppose -5*r + 157 = w. Suppose -5 = 27*y - r*y. What are the prime factors of y?
5
Suppose -5*m - 4682 = 27*q - 24*q, -m - 4*q = 950. Let u = m - -1425. List the prime factors of u.
491
Let w(z) = 19*z**2 - 36*z + 46. Let x(y) = -8*y**2 + 18*y - 23. Let h(l) = 3*w(l) + 7*x(l). What are the prime factors of h(21)?
2, 199
Let z(i) = -46*i + 2. Let t(f) = -5 - 2*f + 936*f**2 + 14*f - 923*f**2 - 2*f**3 + 3*f**3. Let m be t(-12). What are the prime factors of z(m)?
2, 29
List the prime factors of (2319/4)/(38/(18240/36)).
2, 5, 773
Suppose -108*t = -105*t + 2*f - 8451, -3*f + 9 = 0. List the prime factors of t.
5, 563
Suppose 126 - 122 = m. Suppose 4*f = 16 - m. Suppose 4*w + f*w - 700 = 0. List the prime factors of w.
2, 5
Suppose -4*b + 29081 = u, 130*b - 3 = 129*b. What are the prime factors of u?
41, 709
Let s be (71552/(-520))/(1 - (-6)/(-5)). Suppose 0 = 8*b + s - 6952. List the prime factors of b.
3, 29
Let s(t) = -4*t + 40. Let m be s(-9). Let j = m - -129. List the prime factors of j.
5, 41
Let l(h) = 22 - 4*h - h**2 + 7*h + 8*h. Suppose 4*j + o - 3 - 45 = 0, 5*o = -5*j + 75. List the prime factors of l(j).
2, 11
List the prime factors of 25013*(-2)/(-24)*12 + 9.
2, 12511
Suppose -2*m = -3*m + 376. Suppose -577*f - 2 = -581*f + 14. Suppose f*u + h = m + 273, -h = -u + 156. What are the prime factors of u?
7, 23
List the prime factors of (40591/(-4))/((-116)/16 - -7).
40591
Let h = 54 + -52. Suppose 0 = -h*w + 4. Suppose -s + w = 0, -2*b + 2*s + 136 = -2*s. What are the prime factors of b?
2, 3
Suppose -9744 - 36514 = -182*i - 12406. Suppose 4*y + 36 = 3*l + l, 0 = -5*l - 4*y + 18. Suppose i = -l*s + 9*s. List the prime factors of s.
2, 31
Let o be -2*4/(-28) - 17246/(-7). Suppose 7*m + m - o = 0. What are the prime factors of m?
2, 7, 11
Suppose -3*z + 628 = -1601. Let r = z + -322. What are the prime factors of r?
421
Suppose 25 = 10*l - 5*l, -z + 5*l + 32868 = 0. List the prime factors of z.
7, 37, 127
Let l(w) = 2*w**3 + 6*w**2 - 88. Let n be ((-8)/6)/(((-114)/(-36))/(-19)). List the prime factors of l(n).
2, 3, 5, 11
Suppose 0 = 9*b + 5*f - 201644, 14*b - 3*f - 67224 = 11*b. List the prime factors of b.
2, 17, 659
Let n = 13851 + -7089. What are the prime factors of n?
2, 3, 7, 23
Let p(v) = 746*v**3 - 2*v**2 + v - 1. Let b be p(1). Suppose m = -30*m + b. What are the prime factors of m?
2, 3
Suppose 3*x + p + 65 = 0, 3*x - 4*p = -x - 60. Let j = -25 - x. What are the prime factors of (0 - 33)*j/15?
11
Suppose 2*r - 53 = 5*c - 2433, 3*r - 459 = -c. Suppose -y + 4*n + 100 = -137, -4*n - c = -2*y. What are the prime factors of y?
3, 79
Let b = 17018 - 7233. List the prime factors of b.
5, 19, 103
Suppose 18*f = 11*f + 210. Let d be (4/6)/(4/f). Suppose -c + 267 = 2*x - 260, d*c + 533 = 2*x. List the prime factors of x.
2, 3, 11
Suppose -o - 2*m = -272, 5*o - 3*m - 360 - 1013 = 0. Let w = -26 + -114. Let t = o + w. List the prime factors of t.
2, 67
Suppose -66*u + 23706 = -5004. Suppose -430*g + u*g = 680. List the prime factors of g.
2, 17
Let k be (22/6 + -4)*(-276)/4. Suppose 0 = -k*n + 32559 + 2355. What are the prime factors of n?
2, 3, 11, 23
Let d be ((-16)/(-28))/((-182)/49 - -4). Suppose -d*q + 1225 = 3*q. What are the prime factors of q?
5, 7
Let s be ((-108)/8 + -1)*1210/11. Let y = 2677 + s. List the prime factors of y.
2, 541
Let b = -109769 - -164719. List the prime factors of b.
2, 5, 7, 157
What are the prime factors of (-66)/4*(-208)/572 - -29452?
2, 11, 13, 103
Suppose 3*g = -2*s + 26707, -2*s + 379*g + 26689 = 376*g. What are the prime factors of s?
7, 1907
Suppose -9*o - 11 = 7. Let i be ((36/(-15))/o)/(30/100). Suppose -i*r + 2*b - 602 = -7*r, 2 = 2*b. What are the prime factors of r?
2, 5
Let w = -8816 + 96386. What are the prime factors of w?
2, 3, 5, 7, 139
Let y(r) = 0*r**2 + 12*r**2 - 193 - 2*r + 177. List the prime factors of y(5).
2, 137
Let t = 237 - 232. Let g(j) = 8*j**2 - 12*j + 62. List the prime factors of g(t).
2, 101
Let d = 272 - 158. Let a = d + -7. What are the prime factors of a?
107
Let d(l) = -l**3 - 89*l**2 - 771*l + 45. What are the prime factors of d(-82)?
97, 167
Let k(d) = d**3 + 16*d**2 - 38*d - 18. Let n(u) = 2*u**2 + 19*u + 7. Let g be n(-8). What are the prime factors of k(g)?
3, 113
Suppose -61*f + 401645 + 894361 = 0. What are the prime factors of f?
2, 3, 3541
Suppose -j + v = -5748, 20*j + 3*v - 5728 = 19*j. What are the prime factors of j?
5743
Suppose 2*c + 58128 = 5*h, -39*h + 23232 = -37*h + 4*c. List the prime factors of h.
2, 1453
Suppose 2*x - 5 = 3. Suppose -5*l = 3*m + 91, x*m + 0*m - 12 = 0. Let p = 30 + l. What are the prime factors of p?
2, 5
Suppose -4*n - 2*g = -18346, 2*n - 41*g = -36*g + 9203. Suppose -6071 - n = -13*j. What are the prime factors of j?
2, 5, 41
Suppose -4*z + 4*k + 12 = 0, 3*z + 0*z - 7 = 4*k. Let q(c) = -c**3 - 4*c**2 + c + 6. Let i be q(z). Let n = i + 313. What are the prime factors of n?
3, 11
Suppose 0*t - 2*t - 15 = 5*i, 4*t = 2*i + 6. Suppose -3*c + 7*c + 8 = t. Let p(r) = 16*r**2. What are the prime factors of p(c)?
2
Suppose 2*b = -2*m + 10888, 5*m - 25641 = -3*b + 1569. List the prime factors of m.
3, 7, 37
Let w be 12/2 + (61 - 65). Suppose 0 = -n + w*y + 1087, 4*y + 20 = -0*y. What are the prime factors of n?
3, 359
Suppose 3*a - 7867 = 2*a + 2*t, -3*a = 2*t - 23633. Suppose -42*z + 33*z = -a. List the prime factors of z.
5, 7
Let d = 57 + -55. Suppose d*b = -57 - 375. Let q = 11 - b. What are the prime factors of q?
227
Suppose 0 = 51*t + 505053 - 1315647. List the prime factors of t.
2, 3, 883
Suppose 7*d + 48 = 15*d. What are the prime factors of 5 + (-2188)/12*-3 + d?
2, 3, 31
Let v(z) be the first derivative of 403*z**2 - 27*z + 46. What are the prime factors of v(1)?
19, 41
Let u(d) = d + 13. Let z be u(-6). Let m(s) = -2*s**2 + 4*s. Let w(j) = -j + 1. Let c(y) = -m(y) + 4*w(y). What are the prime factors of c(z)?
2, 23
Let u(h) = -35*h - 10. Let i be u(1). List the prime factors of ((-9)/(-6))/(i/(-26580)).
2, 443
List the prime factors of (276/(-18))/((-21)/48699).
2, 23, 773
Suppose c + 25 = 22. What are the prime factors of 65*(96/15 + c - -1)?
2, 11, 13
Let w(d) = d + 103. Let q be w(-31). What are the prime factors of (-3)/36 + 34350/q?
